{"id":32,"date":"2014-02-11T09:08:36","date_gmt":"2014-02-11T08:08:36","guid":{"rendered":"http:\/\/pzdw-b1-web1?page_id=32"},"modified":"2023-02-03T08:26:58","modified_gmt":"2023-02-03T07:26:58","slug":"mapa","status":"publish","type":"page","link":"https:\/\/www.pzdw.bialystok.pl\/?page_id=32","title":{"rendered":"Mapa"},"content":{"rendered":"\t\t<div\n            id=\"wpmapblock_f7dcbd99\"\n            data-settings='{&quot;map_marker&quot;:[{&quot;lat&quot;:&quot;53.1314642&quot;,&quot;lng&quot;:&quot;23.0771786&quot;,&quot;title&quot;:&quot;PZDW Siedziba&quot;,&quot;content&quot;:&quot;Siedziba Podlaskiego Zarz\\u0105du Dr\\u00f3g Wojew\\u00f3dzkich w Bia\\u0142ymstoku ul. Elewatorska 6 15-620 Bia\\u0142ystok&quot;,&quot;iconType&quot;:&quot;custom&quot;,&quot;customIconUrl&quot;:&quot;https:\\\/\\\/www.pzdw.bialystok.pl\\\/wp-content\\\/uploads\\\/leaflet-maps-marker-icons\\\/Pzdw.png&quot;,&quot;customIconWidth&quot;:&quot;30&quot;,&quot;customIconHeight&quot;:&quot;36&quot;},{&quot;lat&quot;:&quot;53.1216029&quot;,&quot;lng&quot;:&quot;23.2421796&quot;,&quot;title&quot;:&quot;Rejon Dr\\u00f3g Wojew\\u00f3dzkich w Bia\\u0142ymstoku&quot;,&quot;content&quot;:&quot;Us\\u0142ugowa 6, Za\\u015bcianki, Polska&quot;,&quot;iconType&quot;:&quot;custom&quot;,&quot;customIconUrl&quot;:&quot;https:\\\/\\\/www.pzdw.bialystok.pl\\\/wp-content\\\/uploads\\\/leaflet-maps-marker-icons\\\/road2.png&quot;,&quot;customIconWidth&quot;:&quot;30&quot;,&quot;customIconHeight&quot;:&quot;36&quot;},{&quot;lat&quot;:&quot;53.1533815&quot;,&quot;lng&quot;:&quot;21.961719&quot;,&quot;title&quot;:&quot;Rejon Dr\\u00f3g Wojew\\u00f3dzkich w \\u0141om\\u017cy&quot;,&quot;content&quot;:&quot;ul. Poligonowa 30 18-400 \\u0141om\\u017ca, Polska&quot;,&quot;iconType&quot;:&quot;custom&quot;,&quot;customIconUrl&quot;:&quot;https:\\\/\\\/www.pzdw.bialystok.pl\\\/wp-content\\\/uploads\\\/leaflet-maps-marker-icons\\\/road2.png&quot;,&quot;customIconWidth&quot;:&quot;30&quot;,&quot;customIconHeight&quot;:&quot;36&quot;},{&quot;lat&quot;:&quot;53.4030672&quot;,&quot;lng&quot;:&quot;23.4468242&quot;,&quot;title&quot;:&quot;Rejon Dr\\u00f3g Wojew\\u00f3dzkich w Sok\\u00f3\\u0142ce&quot;,&quot;content&quot;:&quot;ul. Wodna 7 16-100 Sok\\u00f3\\u0142ka, Polska&quot;,&quot;iconType&quot;:&quot;custom&quot;,&quot;customIconUrl&quot;:&quot;https:\\\/\\\/www.pzdw.bialystok.pl\\\/wp-content\\\/uploads\\\/leaflet-maps-marker-icons\\\/road2.png&quot;,&quot;customIconWidth&quot;:&quot;30&quot;,&quot;customIconHeight&quot;:&quot;36&quot;},{&quot;lat&quot;:&quot;54.1024909&quot;,&quot;lng&quot;:&quot;22.9446926&quot;,&quot;title&quot;:&quot;Rejon Dr\\u00f3g Wojew\\u00f3dzkich w Suwa\\u0142kach&quot;,&quot;content&quot;:&quot;ul. Przytorowa 9B 16-400 Suwa\\u0142ki, Polska&quot;,&quot;iconType&quot;:&quot;custom&quot;,&quot;customIconUrl&quot;:&quot;https:\\\/\\\/www.pzdw.bialystok.pl\\\/wp-content\\\/uploads\\\/leaflet-maps-marker-icons\\\/road2.png&quot;,&quot;customIconWidth&quot;:&quot;30&quot;,&quot;customIconHeight&quot;:&quot;36&quot;},{&quot;lat&quot;:&quot;52.394663&quot;,&quot;lng&quot;:&quot;22.8700456&quot;,&quot;title&quot;:&quot;Rejdon Dr\\u00f3g Wojew\\u00f3dzkich w Siemiatyczach&quot;,&quot;content&quot;:&quot;ul. 11 Listopada 253 17-300 Siemiatycze, Polska&quot;,&quot;iconType&quot;:&quot;custom&quot;,&quot;customIconUrl&quot;:&quot;https:\\\/\\\/www.pzdw.bialystok.pl\\\/wp-content\\\/uploads\\\/leaflet-maps-marker-icons\\\/road2.png&quot;,&quot;customIconWidth&quot;:&quot;30&quot;,&quot;customIconHeight&quot;:&quot;36&quot;}],&quot;map_zoom&quot;:&quot;8&quot;,&quot;scroll_wheel_zoom&quot;:&quot;1&quot;,&quot;map_type&quot;:&quot;OSM&quot;,&quot;center_index&quot;:0}'\n            class=\"wpmapblockrender\"\n            style=\"\n\t\t\twidth: 100%;\n\t\t\theight: 900px;\n\t\t\"\n            >\n        <\/div>\n        \n\n\n<figure class=\"wp-block-table is-style-stripes has-medium-font-size\"><table class=\"has-text-color\" style=\"color:#009140\"><tbody><tr><td>Siedziba<\/td><td>Adres<\/td><\/tr><tr><td>Siedziba Podlaskiego Zarz\u0105du Dr\u00f3g Wojew\u00f3dzkich w Bia\u0142ymstoku<\/td><td>ul. Elewatorska 6<br>15-620 Bia\u0142ystok<\/td><\/tr><tr><td>Rejon Dr\u00f3g Wojew\u00f3dzkich w Bia\u0142ymstoku<\/td><td>ul. Us\u0142ugowa 6, Za\u015bcianki, Polska<\/td><\/tr><tr><td>Rejon Dr\u00f3g wojew\u00f3dzkich w \u0141om\u017cy<\/td><td>ul. Poligonowa 30 18-400 \u0141om\u017ca, Polska<\/td><\/tr><tr><td>Rejon Dr\u00f3g Wojew\u00f3dzkich w Sok\u00f3\u0142ce<\/td><td>ul. Wodna 7 16-100 Sok\u00f3\u0142ka, Polska<\/td><\/tr><tr><td>Rejon Dr\u00f3g Wojew\u00f3dzkich w Suwa\u0142kach<\/td><td>ul. Przytorowa 9B 16-400 Suwa\u0142ki, Polska<\/td><\/tr><tr><td>Rejon Dr\u00f3g Wojew\u00f3dzkich w Siematyczach<\/td><td>ul. 11 Listopada 253 17-300 Siemiatycze, Polska<\/td><\/tr><\/tbody><\/table><\/figure>\n","protected":false},"excerpt":{"rendered":"<p>&#46;&#46;&#46;<\/p>\n","protected":false},"author":1,"featured_media":4069,"parent":0,"menu_order":24,"comment_status":"closed","ping_status":"closed","template":"","meta":{"footnotes":""},"class_list":["post-32","page","type-page","status-publish","has-post-thumbnail","hentry"],"_links":{"self":[{"href":"https:\/\/www.pzdw.bialystok.pl\/index.php?rest_route=\/wp\/v2\/pages\/32","targetHints":{"allow":["GET"]}}],"collection":[{"href":"https:\/\/www.pzdw.bialystok.pl\/index.php?rest_route=\/wp\/v2\/pages"}],"about":[{"href":"https:\/\/www.pzdw.bialystok.pl\/index.php?rest_route=\/wp\/v2\/types\/page"}],"author":[{"embeddable":true,"href":"https:\/\/www.pzdw.bialystok.pl\/index.php?rest_route=\/wp\/v2\/users\/1"}],"replies":[{"embeddable":true,"href":"https:\/\/www.pzdw.bialystok.pl\/index.php?rest_route=%2Fwp%2Fv2%2Fcomments&post=32"}],"version-history":[{"count":1,"href":"https:\/\/www.pzdw.bialystok.pl\/index.php?rest_route=\/wp\/v2\/pages\/32\/revisions"}],"predecessor-version":[{"id":11463,"href":"https:\/\/www.pzdw.bialystok.pl\/index.php?rest_route=\/wp\/v2\/pages\/32\/revisions\/11463"}],"wp:featuredmedia":[{"embeddable":true,"href":"https:\/\/www.pzdw.bialystok.pl\/index.php?rest_route=\/"}],"wp:attachment":[{"href":"https:\/\/www.pzdw.bialystok.pl\/index.php?rest_route=%2Fwp%2Fv2%2Fmedia&parent=32"}],"curies":[{"name":"wp","href":"https:\/\/api.w.org\/{rel}","templated":true}]}}

<div
            id="wpmapblock_f7dcbd99"
            data-settings='{&quot;map_marker&quot;:[{&quot;lat&quot;:&quot;53.1314642&quot;,&quot;lng&quot;:&quot;23.0771786&quot;,&quot;title&quot;:&quot;PZDW Siedziba&quot;,&quot;content&quot;:&quot;Siedziba Podlaskiego Zarz\u0105du Dr\u00f3g Wojew\u00f3dzkich w Bia\u0142ymstoku ul. Elewatorska 6 15-620 Bia\u0142ystok&quot;,&quot;iconType&quot;:&quot;custom&quot;,&quot;customIconUrl&quot;:&quot;https:\/\/www.pzdw.bialystok.pl\/wp-content\/uploads\/leaflet-maps-marker-icons\/Pzdw.png&quot;,&quot;customIconWidth&quot;:&quot;30&quot;,&quot;customIconHeight&quot;:&quot;36&quot;},{&quot;lat&quot;:&quot;53.1216029&quot;,&quot;lng&quot;:&quot;23.2421796&quot;,&quot;title&quot;:&quot;Rejon Dr\u00f3g Wojew\u00f3dzkich w Bia\u0142ymstoku&quot;,&quot;content&quot;:&quot;Us\u0142ugowa 6, Za\u015bcianki, Polska&quot;,&quot;iconType&quot;:&quot;custom&quot;,&quot;customIconUrl&quot;:&quot;https:\/\/www.pzdw.bialystok.pl\/wp-content\/uploads\/leaflet-maps-marker-icons\/road2.png&quot;,&quot;customIconWidth&quot;:&quot;30&quot;,&quot;customIconHeight&quot;:&quot;36&quot;},{&quot;lat&quot;:&quot;53.1533815&quot;,&quot;lng&quot;:&quot;21.961719&quot;,&quot;title&quot;:&quot;Rejon Dr\u00f3g Wojew\u00f3dzkich w \u0141om\u017cy&quot;,&quot;content&quot;:&quot;ul. Poligonowa 30 18-400 \u0141om\u017ca, Polska&quot;,&quot;iconType&quot;:&quot;custom&quot;,&quot;customIconUrl&quot;:&quot;https:\/\/www.pzdw.bialystok.pl\/wp-content\/uploads\/leaflet-maps-marker-icons\/road2.png&quot;,&quot;customIconWidth&quot;:&quot;30&quot;,&quot;customIconHeight&quot;:&quot;36&quot;},{&quot;lat&quot;:&quot;53.4030672&quot;,&quot;lng&quot;:&quot;23.4468242&quot;,&quot;title&quot;:&quot;Rejon Dr\u00f3g Wojew\u00f3dzkich w Sok\u00f3\u0142ce&quot;,&quot;content&quot;:&quot;ul. Wodna 7 16-100 Sok\u00f3\u0142ka, Polska&quot;,&quot;iconType&quot;:&quot;custom&quot;,&quot;customIconUrl&quot;:&quot;https:\/\/www.pzdw.bialystok.pl\/wp-content\/uploads\/leaflet-maps-marker-icons\/road2.png&quot;,&quot;customIconWidth&quot;:&quot;30&quot;,&quot;customIconHeight&quot;:&quot;36&quot;},{&quot;lat&quot;:&quot;54.1024909&quot;,&quot;lng&quot;:&quot;22.9446926&quot;,&quot;title&quot;:&quot;Rejon Dr\u00f3g Wojew\u00f3dzkich w Suwa\u0142kach&quot;,&quot;content&quot;:&quot;ul. Przytorowa 9B 16-400 Suwa\u0142ki, Polska&quot;,&quot;iconType&quot;:&quot;custom&quot;,&quot;customIconUrl&quot;:&quot;https:\/\/www.pzdw.bialystok.pl\/wp-content\/uploads\/leaflet-maps-marker-icons\/road2.png&quot;,&quot;customIconWidth&quot;:&quot;30&quot;,&quot;customIconHeight&quot;:&quot;36&quot;},{&quot;lat&quot;:&quot;52.394663&quot;,&quot;lng&quot;:&quot;22.8700456&quot;,&quot;title&quot;:&quot;Rejdon Dr\u00f3g Wojew\u00f3dzkich w Siemiatyczach&quot;,&quot;content&quot;:&quot;ul. 11 Listopada 253 17-300 Siemiatycze, Polska&quot;,&quot;iconType&quot;:&quot;custom&quot;,&quot;customIconUrl&quot;:&quot;https:\/\/www.pzdw.bialystok.pl\/wp-content\/uploads\/leaflet-maps-marker-icons\/road2.png&quot;,&quot;customIconWidth&quot;:&quot;30&quot;,&quot;customIconHeight&quot;:&quot;36&quot;}],&quot;map_zoom&quot;:&quot;8&quot;,&quot;scroll_wheel_zoom&quot;:&quot;1&quot;,&quot;map_type&quot;:&quot;OSM&quot;,&quot;center_index&quot;:0}'
            class="wpmapblockrender"
            style="
			width: 100%;
			height: 900px;
		"
            >
        </div>
        


<figure class="wp-block-table is-style-stripes has-medium-font-size"><table class="has-text-color" style="color:#009140"><tbody><tr><td>Siedziba</td><td>Adres</td></tr><tr><td>Siedziba Podlaskiego Zarządu Dróg Wojewódzkich w Białymstoku</td><td>ul. Elewatorska 6<br>15-620 Białystok</td></tr><tr><td>Rejon Dróg Wojewódzkich w Białymstoku</td><td>ul. Usługowa 6, Zaścianki, Polska</td></tr><tr><td>Rejon Dróg wojewódzkich w Łomży</td><td>ul. Poligonowa 30 18-400 Łomża, Polska</td></tr><tr><td>Rejon Dróg Wojewódzkich w Sokółce</td><td>ul. Wodna 7 16-100 Sokółka, Polska</td></tr><tr><td>Rejon Dróg Wojewódzkich w Suwałkach</td><td>ul. Przytorowa 9B 16-400 Suwałki, Polska</td></tr><tr><td>Rejon Dróg Wojewódzkich w Siematyczach</td><td>ul. 11 Listopada 253 17-300 Siemiatycze, Polska</td></tr></tbody></table></figure>
